{"id":849,"date":"2026-03-07T14:59:42","date_gmt":"2026-03-07T14:59:42","guid":{"rendered":"https:\/\/rsbobinas.com\/?post_type=product&#038;p=849"},"modified":"2026-03-09T17:03:11","modified_gmt":"2026-03-09T17:03:11","slug":"etiqueta-termica-60x60-branca","status":"publish","type":"product","link":"https:\/\/rsbobinas.com\/index.php\/produto\/etiqueta-termica-60x60-branca\/","title":{"rendered":"ETIQUETA T\u00c9RMICA 60X60 BRANCA"},"content":{"rendered":"<div class=\"woocommerce-tabs wc-tabs-wrapper\">\n<div id=\"tab-description\" class=\"woocommerce-Tabs-panel woocommerce-Tabs-panel--description panel entry-content wc-tab\" role=\"tabpanel\" aria-labelledby=\"tab-title-description\">\n<p><img loading=\"lazy\" decoding=\"async\" class=\"alignnone size-full wp-image-574\" src=\"https:\/\/rsbobinas.com\/wp-content\/uploads\/2021\/01\/RS-BOBINAS-ETIQUETA-4OX4O.jpg\" alt=\"\" width=\"150\" height=\"150\" srcset=\"https:\/\/rsbobinas.com\/wp-content\/uploads\/2021\/01\/RS-BOBINAS-ETIQUETA-4OX4O.jpg 150w, https:\/\/rsbobinas.com\/wp-content\/uploads\/2021\/01\/RS-BOBINAS-ETIQUETA-4OX4O-100x100.jpg 100w\" sizes=\"auto, (max-width: 150px) 100vw, 150px\" \/>ETIQUETA T\u00c9RMICA 60X60 BRANCA<\/p>\n<p><strong>Especifica\u00e7\u00f5es, a saber;<br \/>\n<\/strong><\/p>\n<p>Modelo: Etiquetas T\u00e9rmicas 60\u00d760 (Transfer\u00eancia direta)<\/p>\n<p>Aplica\u00e7\u00e3o: Ecommerce, Marketplace, balan\u00e7as;<\/p>\n<p>IMPRESSORAS COMPAT\u00cdVEIS: Zebra, Argox, Elgin, Honeywell, Datamax, Xprinter, UPX, TSC. <strong>Outros modelos consultar o manual da sua impressora.<\/strong><\/p>\n<p>Cor: Branca;<\/p>\n<p>Medida: 60mmx60mm ou seja 6,00cmX6,00cm;<strong><br \/>\n<\/strong><\/p>\n<p>Comprimento: 20 metros;<\/p>\n<p>Tubete: 25,4mm (1,5 pol)<\/p>\n<p>Imagem ilustrativa, bem como:<\/p>\n<p>Modelos citados apenas como refer\u00eancia\u00a0 ilustrativa para uso correto de nossos produtos.<\/p>\n<p>D\u00favidas?<\/p>\n<p>Entre em <a href=\"mailto:contato@rsbobinastermicas.com\">contato@rsbobinastermicas.com<\/a> ou ligue para (41) 999488832 WHATSAPP<\/p>\n<div class=\"nta_wa_button\" data-id=\"111\" data-info=\"{&quot;name&quot;:&quot;RS BOBINAS&quot;,&quot;info&quot;:{&quot;number&quot;:&quot;+5541999488832&quot;,&quot;title&quot;:&quot;RS BOBINAS&quot;,&quot;predefinedText&quot;:&quot;FALE CONOSCO&quot;,&quot;willBeBackText&quot;:&quot;I will be back in [njwa_time_work]&quot;,&quot;dayOffsText&quot;:&quot;I will be back soon&quot;,&quot;isAlwaysAvailable&quot;:&quot;ON&quot;,&quot;daysOfWeekWorking&quot;:{&quot;sunday&quot;:{&quot;isWorkingOnDay&quot;:&quot;ON&quot;,&quot;workHours&quot;:[{&quot;startTime&quot;:&quot;09:00&quot;,&quot;endTime&quot;:&quot;18:00&quot;}]},&quot;monday&quot;:{&quot;isWorkingOnDay&quot;:&quot;ON&quot;,&quot;workHours&quot;:[{&quot;startTime&quot;:&quot;09:00&quot;,&quot;endTime&quot;:&quot;18:00&quot;}]},&quot;tuesday&quot;:{&quot;isWorkingOnDay&quot;:&quot;ON&quot;,&quot;workHours&quot;:[{&quot;startTime&quot;:&quot;09:00&quot;,&quot;endTime&quot;:&quot;18:00&quot;}]},&quot;wednesday&quot;:{&quot;isWorkingOnDay&quot;:&quot;ON&quot;,&quot;workHours&quot;:[{&quot;startTime&quot;:&quot;09:00&quot;,&quot;endTime&quot;:&quot;18:00&quot;}]},&quot;thursday&quot;:{&quot;isWorkingOnDay&quot;:&quot;ON&quot;,&quot;workHours&quot;:[{&quot;startTime&quot;:&quot;09:00&quot;,&quot;endTime&quot;:&quot;18:00&quot;}]},&quot;friday&quot;:{&quot;isWorkingOnDay&quot;:&quot;ON&quot;,&quot;workHours&quot;:[{&quot;startTime&quot;:&quot;09:00&quot;,&quot;endTime&quot;:&quot;18:00&quot;}]},&quot;saturday&quot;:{&quot;isWorkingOnDay&quot;:&quot;ON&quot;,&quot;workHours&quot;:[{&quot;startTime&quot;:&quot;09:00&quot;,&quot;endTime&quot;:&quot;18:00&quot;}]}}},&quot;styles&quot;:{&quot;type&quot;:&quot;round&quot;,&quot;backgroundColor&quot;:&quot;#53f427&quot;,&quot;textColor&quot;:&quot;#000000&quot;,&quot;label&quot;:&quot;Podemos Ajudar?&quot;,&quot;width&quot;:300,&quot;height&quot;:64},&quot;avatar&quot;:false,&quot;options&quot;:{&quot;display&quot;:{&quot;displayCondition&quot;:&quot;includePages&quot;,&quot;includePages&quot;:[&quot;234&quot;,&quot;60&quot;,&quot;29&quot;],&quot;excludePages&quot;:[&quot;60&quot;,&quot;29&quot;],&quot;includePosts&quot;:[],&quot;showOnDesktop&quot;:&quot;ON&quot;,&quot;showOnMobile&quot;:&quot;ON&quot;,&quot;time_symbols&quot;:&quot;h:m&quot;},&quot;styles&quot;:{&quot;title&quot;:&quot;RS BOBINAS&quot;,&quot;responseText&quot;:&quot;Podemos ajudar?&quot;,&quot;description&quot;:&quot;Oi! Click para iniciar o chat\\u00a0 &lt;strong&gt;WhatsApp&lt;\\\/strong&gt;&quot;,&quot;backgroundColor&quot;:&quot;#2db742&quot;,&quot;textColor&quot;:&quot;#ffffff&quot;,&quot;titleSize&quot;:&quot;18&quot;,&quot;accountNameSize&quot;:&quot;14&quot;,&quot;descriptionTextSize&quot;:&quot;12&quot;,&quot;regularTextSize&quot;:&quot;11&quot;,&quot;scrollHeight&quot;:&quot;500&quot;,&quot;isShowScroll&quot;:&quot;OFF&quot;,&quot;isShowResponseText&quot;:&quot;OFF&quot;,&quot;btnLabel&quot;:&quot;Podemos ajudar? Click aqui para comprar pelo WhatsApp&lt;strong&gt;&quot;,&quot;btnLabelWidth&quot;:&quot;156&quot;,&quot;btnPosition&quot;:&quot;left&quot;,&quot;btnLeftDistance&quot;:&quot;30&quot;,&quot;btnRightDistance&quot;:&quot;30&quot;,&quot;btnBottomDistance&quot;:&quot;30&quot;,&quot;isShowBtnLabel&quot;:&quot;ON&quot;,&quot;isShowGDPR&quot;:&quot;OFF&quot;,&quot;gdprContent&quot;:&quot;Please accept our &lt;a href=\\&quot;https:\\\/\\\/ninjateam.org\\\/privacy-policy\\\/\\&quot;&gt;privacy policy&lt;\\\/a&gt; first to start a conversation.&quot;,&quot;isShowPoweredBy&quot;:&quot;ON&quot;},&quot;analytics&quot;:{&quot;enabledGoogle&quot;:&quot;OFF&quot;,&quot;enabledFacebook&quot;:&quot;OFF&quot;,&quot;enabledGoogleGA4&quot;:&quot;OFF&quot;}},&quot;gdprStatus&quot;:false,&quot;defaultAvatar&quot;:&quot;https:\\\/\\\/rsbobinas.com\\\/wp-content\\\/plugins\\\/wp-whatsapp\\\/assets\\\/img\\\/whatsapp_logo.svg&quot;}\"><\/div>\n<p><a href=\"https:\/\/rsbobinas.com\/index.php\/produto\/etiqueta-termica-40x40-branca\/\">ETIQUETAS T\u00c9RMICAS 40X40<\/a><\/p>\n<p><a href=\"http:\/\/www.rsbobinastermicas.com\">LOJA ONLINE<\/a><\/p>\n<\/div>\n<\/div>\n","protected":false},"excerpt":{"rendered":"<p style=\"text-align: center;\">Etiquetas t\u00e9rmicas 60&#215;60 &#8211; para ecommerce, marketplace, balan\u00e7as Filizola, Toledo \u2013 Prix, Urano e outras impressoras.\u00a0 Ideal para Padaria, Supermercado, A\u00e7ougue, Sacol\u00e3o, etc. Possui excelente ader\u00eancia em Sacos Pl\u00e1sticos, Pap\u00e9is, bandejas, destinadas para identifica\u00e7\u00e3o do produto, para informar peso, pre\u00e7o, permitindo a impress\u00e3o de c\u00f3digo de barras e outras informa\u00e7\u00f5es.<\/p>\n<div class=\"woocommerce-product-details__short-description\">\n<p style=\"text-align: center;\"><a href=\"http:\/\/www.rsbobinastermicas.com\">COMPRE ONLINE<\/a><\/p>\n<\/div>\n<div class=\"woocommerce-tabs wc-tabs-wrapper\">\n<div id=\"tab-description\" class=\"woocommerce-Tabs-panel woocommerce-Tabs-panel--description panel entry-content wc-tab\" role=\"tabpanel\" aria-labelledby=\"tab-title-description\">\n<p style=\"text-align: left;\">\n<\/div>\n<\/div>\n","protected":false},"featured_media":574,"template":"","meta":[],"product_brand":[],"product_cat":[20],"product_tag":[],"class_list":{"0":"post-849","1":"product","2":"type-product","3":"status-publish","4":"has-post-thumbnail","6":"product_cat-etiquetas","8":"first","9":"instock","10":"shipping-taxable","11":"product-type-simple"},"yoast_head":"<!-- This site is optimized with the Yoast SEO plugin v27.3 - https:\/\/yoast.com\/product\/yoast-seo-wordpress\/ -->\n<title>ETIQUETA T\u00c9RMICA 60X60 BRANCA - RS BOBINAS<\/title>\n<meta name=\"description\" content=\"Etiqueta T\u00e9rmica branca 60x60 com 20 e\/ou 30 metros- Uso em: Ecommerce, marketplace, Mercearia, Panificadora, A\u00e7ougue, Mercado, Frutaria, Produtos naturais\" \/>\n<meta name=\"robots\" content=\"index, follow, max-snippet:-1, max-image-preview:large, max-video-preview:-1\" \/>\n<link rel=\"canonical\" href=\"https:\/\/rsbobinas.com\/index.php\/produto\/etiqueta-termica-60x60-branca\/\" \/>\n<meta property=\"og:locale\" content=\"pt_BR\" \/>\n<meta property=\"og:type\" content=\"article\" \/>\n<meta property=\"og:title\" content=\"ETIQUETA T\u00c9RMICA 60X60 BRANCA - RS BOBINAS\" \/>\n<meta property=\"og:description\" content=\"Etiqueta T\u00e9rmica branca 60x60 com 20 e\/ou 30 metros- Uso em: Ecommerce, marketplace, Mercearia, Panificadora, A\u00e7ougue, Mercado, Frutaria, Produtos naturais\" \/>\n<meta property=\"og:url\" content=\"https:\/\/rsbobinas.com\/index.php\/produto\/etiqueta-termica-60x60-branca\/\" \/>\n<meta property=\"og:site_name\" content=\"RS BOBINAS\" \/>\n<meta property=\"article:modified_time\" content=\"2026-03-09T17:03:11+00:00\" \/>\n<meta property=\"og:image\" content=\"https:\/\/rsbobinas.com\/wp-content\/uploads\/2021\/01\/RS-BOBINAS-ETIQUETA-4OX4O.jpg\" \/>\n\t<meta property=\"og:image:width\" content=\"150\" \/>\n\t<meta property=\"og:image:height\" content=\"150\" \/>\n\t<meta property=\"og:image:type\" content=\"image\/jpeg\" \/>\n<meta name=\"twitter:card\" content=\"summary_large_image\" \/>\n<meta name=\"twitter:label1\" content=\"Est. tempo de leitura\" \/>\n\t<meta name=\"twitter:data1\" content=\"1 minuto\" \/>\n<script type=\"application\/ld+json\" class=\"yoast-schema-graph\">{\"@context\":\"https:\\\/\\\/schema.org\",\"@graph\":[{\"@type\":\"WebPage\",\"@id\":\"https:\\\/\\\/rsbobinas.com\\\/index.php\\\/produto\\\/etiqueta-termica-60x60-branca\\\/\",\"url\":\"https:\\\/\\\/rsbobinas.com\\\/index.php\\\/produto\\\/etiqueta-termica-60x60-branca\\\/\",\"name\":\"ETIQUETA T\u00c9RMICA 60X60 BRANCA - RS BOBINAS\",\"isPartOf\":{\"@id\":\"https:\\\/\\\/rsbobinas.com\\\/#website\"},\"primaryImageOfPage\":{\"@id\":\"https:\\\/\\\/rsbobinas.com\\\/index.php\\\/produto\\\/etiqueta-termica-60x60-branca\\\/#primaryimage\"},\"image\":{\"@id\":\"https:\\\/\\\/rsbobinas.com\\\/index.php\\\/produto\\\/etiqueta-termica-60x60-branca\\\/#primaryimage\"},\"thumbnailUrl\":\"https:\\\/\\\/rsbobinas.com\\\/wp-content\\\/uploads\\\/2021\\\/01\\\/RS-BOBINAS-ETIQUETA-4OX4O.jpg\",\"datePublished\":\"2026-03-07T14:59:42+00:00\",\"dateModified\":\"2026-03-09T17:03:11+00:00\",\"description\":\"Etiqueta T\u00e9rmica branca 60x60 com 20 e\\\/ou 30 metros- Uso em: Ecommerce, marketplace, Mercearia, Panificadora, A\u00e7ougue, Mercado, Frutaria, Produtos naturais\",\"breadcrumb\":{\"@id\":\"https:\\\/\\\/rsbobinas.com\\\/index.php\\\/produto\\\/etiqueta-termica-60x60-branca\\\/#breadcrumb\"},\"inLanguage\":\"pt-BR\",\"potentialAction\":[{\"@type\":\"ReadAction\",\"target\":[\"https:\\\/\\\/rsbobinas.com\\\/index.php\\\/produto\\\/etiqueta-termica-60x60-branca\\\/\"]}]},{\"@type\":\"ImageObject\",\"inLanguage\":\"pt-BR\",\"@id\":\"https:\\\/\\\/rsbobinas.com\\\/index.php\\\/produto\\\/etiqueta-termica-60x60-branca\\\/#primaryimage\",\"url\":\"https:\\\/\\\/rsbobinas.com\\\/wp-content\\\/uploads\\\/2021\\\/01\\\/RS-BOBINAS-ETIQUETA-4OX4O.jpg\",\"contentUrl\":\"https:\\\/\\\/rsbobinas.com\\\/wp-content\\\/uploads\\\/2021\\\/01\\\/RS-BOBINAS-ETIQUETA-4OX4O.jpg\",\"width\":150,\"height\":150,\"caption\":\"ETIQUETA T\u00c9RMICA 60X40 BRANCA\"},{\"@type\":\"BreadcrumbList\",\"@id\":\"https:\\\/\\\/rsbobinas.com\\\/index.php\\\/produto\\\/etiqueta-termica-60x60-branca\\\/#breadcrumb\",\"itemListElement\":[{\"@type\":\"ListItem\",\"position\":1,\"name\":\"In\u00edcio\",\"item\":\"https:\\\/\\\/rsbobinas.com\\\/\"},{\"@type\":\"ListItem\",\"position\":2,\"name\":\"Produtos\",\"item\":\"https:\\\/\\\/rsbobinas.com\\\/\"},{\"@type\":\"ListItem\",\"position\":3,\"name\":\"ETIQUETA T\u00c9RMICA 60X60 BRANCA\"}]},{\"@type\":\"WebSite\",\"@id\":\"https:\\\/\\\/rsbobinas.com\\\/#website\",\"url\":\"https:\\\/\\\/rsbobinas.com\\\/\",\"name\":\"RS BOBINAS\",\"description\":\"(41) 9 99488832  (41) 32791000  Bobinas t\u00e9rmicas para ECF, NFe, PDV, rel\u00f3gio ponto, senha, cart\u00e3o, totem, etiquetas t\u00e9rmicas e outros\",\"publisher\":{\"@id\":\"https:\\\/\\\/rsbobinas.com\\\/#organization\"},\"potentialAction\":[{\"@type\":\"SearchAction\",\"target\":{\"@type\":\"EntryPoint\",\"urlTemplate\":\"https:\\\/\\\/rsbobinas.com\\\/?s={search_term_string}\"},\"query-input\":{\"@type\":\"PropertyValueSpecification\",\"valueRequired\":true,\"valueName\":\"search_term_string\"}}],\"inLanguage\":\"pt-BR\"},{\"@type\":\"Organization\",\"@id\":\"https:\\\/\\\/rsbobinas.com\\\/#organization\",\"name\":\"RS BOBINAS\",\"url\":\"https:\\\/\\\/rsbobinas.com\\\/\",\"logo\":{\"@type\":\"ImageObject\",\"inLanguage\":\"pt-BR\",\"@id\":\"https:\\\/\\\/rsbobinas.com\\\/#\\\/schema\\\/logo\\\/image\\\/\",\"url\":\"https:\\\/\\\/rsbobinas.com\\\/wp-content\\\/uploads\\\/2021\\\/01\\\/RS-BOBINAS-LOGO.jpg\",\"contentUrl\":\"https:\\\/\\\/rsbobinas.com\\\/wp-content\\\/uploads\\\/2021\\\/01\\\/RS-BOBINAS-LOGO.jpg\",\"width\":440,\"height\":129,\"caption\":\"RS BOBINAS\"},\"image\":{\"@id\":\"https:\\\/\\\/rsbobinas.com\\\/#\\\/schema\\\/logo\\\/image\\\/\"}}]}<\/script>\n<!-- \/ Yoast SEO plugin. -->","yoast_head_json":{"title":"ETIQUETA T\u00c9RMICA 60X60 BRANCA - RS BOBINAS","description":"Etiqueta T\u00e9rmica branca 60x60 com 20 e\/ou 30 metros- Uso em: Ecommerce, marketplace, Mercearia, Panificadora, A\u00e7ougue, Mercado, Frutaria, Produtos naturais","robots":{"index":"index","follow":"follow","max-snippet":"max-snippet:-1","max-image-preview":"max-image-preview:large","max-video-preview":"max-video-preview:-1"},"canonical":"https:\/\/rsbobinas.com\/index.php\/produto\/etiqueta-termica-60x60-branca\/","og_locale":"pt_BR","og_type":"article","og_title":"ETIQUETA T\u00c9RMICA 60X60 BRANCA - RS BOBINAS","og_description":"Etiqueta T\u00e9rmica branca 60x60 com 20 e\/ou 30 metros- Uso em: Ecommerce, marketplace, Mercearia, Panificadora, A\u00e7ougue, Mercado, Frutaria, Produtos naturais","og_url":"https:\/\/rsbobinas.com\/index.php\/produto\/etiqueta-termica-60x60-branca\/","og_site_name":"RS BOBINAS","article_modified_time":"2026-03-09T17:03:11+00:00","og_image":[{"width":150,"height":150,"url":"https:\/\/rsbobinas.com\/wp-content\/uploads\/2021\/01\/RS-BOBINAS-ETIQUETA-4OX4O.jpg","type":"image\/jpeg"}],"twitter_card":"summary_large_image","twitter_misc":{"Est. tempo de leitura":"1 minuto"},"schema":{"@context":"https:\/\/schema.org","@graph":[{"@type":"WebPage","@id":"https:\/\/rsbobinas.com\/index.php\/produto\/etiqueta-termica-60x60-branca\/","url":"https:\/\/rsbobinas.com\/index.php\/produto\/etiqueta-termica-60x60-branca\/","name":"ETIQUETA T\u00c9RMICA 60X60 BRANCA - RS BOBINAS","isPartOf":{"@id":"https:\/\/rsbobinas.com\/#website"},"primaryImageOfPage":{"@id":"https:\/\/rsbobinas.com\/index.php\/produto\/etiqueta-termica-60x60-branca\/#primaryimage"},"image":{"@id":"https:\/\/rsbobinas.com\/index.php\/produto\/etiqueta-termica-60x60-branca\/#primaryimage"},"thumbnailUrl":"https:\/\/rsbobinas.com\/wp-content\/uploads\/2021\/01\/RS-BOBINAS-ETIQUETA-4OX4O.jpg","datePublished":"2026-03-07T14:59:42+00:00","dateModified":"2026-03-09T17:03:11+00:00","description":"Etiqueta T\u00e9rmica branca 60x60 com 20 e\/ou 30 metros- Uso em: Ecommerce, marketplace, Mercearia, Panificadora, A\u00e7ougue, Mercado, Frutaria, Produtos naturais","breadcrumb":{"@id":"https:\/\/rsbobinas.com\/index.php\/produto\/etiqueta-termica-60x60-branca\/#breadcrumb"},"inLanguage":"pt-BR","potentialAction":[{"@type":"ReadAction","target":["https:\/\/rsbobinas.com\/index.php\/produto\/etiqueta-termica-60x60-branca\/"]}]},{"@type":"ImageObject","inLanguage":"pt-BR","@id":"https:\/\/rsbobinas.com\/index.php\/produto\/etiqueta-termica-60x60-branca\/#primaryimage","url":"https:\/\/rsbobinas.com\/wp-content\/uploads\/2021\/01\/RS-BOBINAS-ETIQUETA-4OX4O.jpg","contentUrl":"https:\/\/rsbobinas.com\/wp-content\/uploads\/2021\/01\/RS-BOBINAS-ETIQUETA-4OX4O.jpg","width":150,"height":150,"caption":"ETIQUETA T\u00c9RMICA 60X40 BRANCA"},{"@type":"BreadcrumbList","@id":"https:\/\/rsbobinas.com\/index.php\/produto\/etiqueta-termica-60x60-branca\/#breadcrumb","itemListElement":[{"@type":"ListItem","position":1,"name":"In\u00edcio","item":"https:\/\/rsbobinas.com\/"},{"@type":"ListItem","position":2,"name":"Produtos","item":"https:\/\/rsbobinas.com\/"},{"@type":"ListItem","position":3,"name":"ETIQUETA T\u00c9RMICA 60X60 BRANCA"}]},{"@type":"WebSite","@id":"https:\/\/rsbobinas.com\/#website","url":"https:\/\/rsbobinas.com\/","name":"RS BOBINAS","description":"(41) 9 99488832  (41) 32791000  Bobinas t\u00e9rmicas para ECF, NFe, PDV, rel\u00f3gio ponto, senha, cart\u00e3o, totem, etiquetas t\u00e9rmicas e outros","publisher":{"@id":"https:\/\/rsbobinas.com\/#organization"},"potentialAction":[{"@type":"SearchAction","target":{"@type":"EntryPoint","urlTemplate":"https:\/\/rsbobinas.com\/?s={search_term_string}"},"query-input":{"@type":"PropertyValueSpecification","valueRequired":true,"valueName":"search_term_string"}}],"inLanguage":"pt-BR"},{"@type":"Organization","@id":"https:\/\/rsbobinas.com\/#organization","name":"RS BOBINAS","url":"https:\/\/rsbobinas.com\/","logo":{"@type":"ImageObject","inLanguage":"pt-BR","@id":"https:\/\/rsbobinas.com\/#\/schema\/logo\/image\/","url":"https:\/\/rsbobinas.com\/wp-content\/uploads\/2021\/01\/RS-BOBINAS-LOGO.jpg","contentUrl":"https:\/\/rsbobinas.com\/wp-content\/uploads\/2021\/01\/RS-BOBINAS-LOGO.jpg","width":440,"height":129,"caption":"RS BOBINAS"},"image":{"@id":"https:\/\/rsbobinas.com\/#\/schema\/logo\/image\/"}}]}},"_links":{"self":[{"href":"https:\/\/rsbobinas.com\/index.php\/wp-json\/wp\/v2\/product\/849","targetHints":{"allow":["GET"]}}],"collection":[{"href":"https:\/\/rsbobinas.com\/index.php\/wp-json\/wp\/v2\/product"}],"about":[{"href":"https:\/\/rsbobinas.com\/index.php\/wp-json\/wp\/v2\/types\/product"}],"wp:featuredmedia":[{"embeddable":true,"href":"https:\/\/rsbobinas.com\/index.php\/wp-json\/wp\/v2\/media\/574"}],"wp:attachment":[{"href":"https:\/\/rsbobinas.com\/index.php\/wp-json\/wp\/v2\/media?parent=849"}],"wp:term":[{"taxonomy":"product_brand","embeddable":true,"href":"https:\/\/rsbobinas.com\/index.php\/wp-json\/wp\/v2\/product_brand?post=849"},{"taxonomy":"product_cat","embeddable":true,"href":"https:\/\/rsbobinas.com\/index.php\/wp-json\/wp\/v2\/product_cat?post=849"},{"taxonomy":"product_tag","embeddable":true,"href":"https:\/\/rsbobinas.com\/index.php\/wp-json\/wp\/v2\/product_tag?post=849"}],"curies":[{"name":"wp","href":"https:\/\/api.w.org\/{rel}","templated":true}]}}